(t) = -11*m(t) + 6*q(t). Let k = 5 - 6. Calculate j(k).
-6
Suppose -q + 3*u = 5, 4*u - 7 = -q + u. Let h(j) = j + 0 + j + q - 4. Give h(4).
5
Let c(l) = l - 1. Let v(j) = -4*j + 4. Let t(q) = 5*c(q) + v(q). Give t(-4).
-5
Let r(w) = -w**2 - 12*w - 29. Let f be r(-8). Let a(d) be the second derivative of -3/2*d**2 + 1/3*d**3 + 0 + f*d. Determine a(2).
1
Let j(l) = l**3 - l**2 - l - 1. Let p(t) = -3*t**3 + 4*t**2 + 4*t - 1. Let i(v) = -2*j(v) - p(v). Let s = 0 - -2. Calculate i(s).
-1
Let a(d) = -d**2 - 8*d - 6. Let t be 3 + 4/((-4)/9). Let l be a(t). Let b(m) = m - 6. Determine b(l).
0
Let i(g) = -g - 1. Let r = -4 + 6. Suppose 2*o = 10 + r. Give i(o).
-7
Let d(p) be the second derivative of 7*p**3/6 + p**2/2 + 12*p. What is d(-1)?
-6
Let m(i) = i + 5. Let n be m(0). Let y(a) be the second derivative of 1/12*a**4 - 2/3*a**3 - 3*a**2 + 0 - a. Determine y(n).
-1
Let x(i) = -2*i**2 - 3 + i**3 - 15*i - 4*i**2 + 15*i + 5*i. Determine x(5).
-3
Suppose 2*j + 18 = -j. Let z(k) = k**2 + 8*k + 4. What is z(j)?
-8
Let p(u) be the second derivative of -u**7/210 - u**4/24 + u**3/6 - u. Let c(h) be the second derivative of p(h). Let k be 2/(2 + 0/(-1)). What is c(k)?
-5
Let d(p) = -4*p**3 - 2*p**2 + 2*p - 1. Suppose -3*u + 2*u + 2 = -g, 2*g - 8 = 0. Suppose 5*x = -3*n + 5 + u, 2*x - 2*n + 2 = 0. Give d(x).
-5
Let o(b) = -2 + 2*b - 74*b**2 + 2 + b**3 + 76*b**2 + 3. Calculate o(-3).
-12
Let d(i) be the second derivative of -i**4/12 + 7*i**3/6 + i**2/2 - i. Suppose 0 = 10*c - 42 - 28. Determine d(c).
1
Let x = -22 - -25. Suppose -w = 3 + x. Let i(p) = -p**3 - 6*p**2 + 2*p + 7. Give i(w).
-5
Let m(b) = -3*b. Let w be (-2 + 3)*(-2 + -1). Determine m(w).
9
Let v(w) = -w**3 + 3*w**2 + 4*w + 1. Let j be -1 + (2 - -1) + -2. Suppose j = -5*d + 7*d - 8. Give v(d).
1
Let v = -32 + 45. Let f = -11 + v. Let s(c) = -c + 4*c**2 - 1 - 5*c**2 + 2*c**2. What is s(f)?
1
Let f(c) = -9*c**2 - 21*c - 14. Let b(j) = 14*j**2 + 32*j + 21. Let a(l) = -5*b(l) - 8*f(l). Give a(-5).
17
Suppose 12 = q - 2*l, 0*l = -3*l - 12. Suppose -q*d = 8, -5*d - 46 = -4*u - 16. Let j(r) = r**2 - 3*r - 7. Calculate j(u).
3
Let x(h) = h**2 + 2*h - 17. Let n be x(4). Let p(t) = -t**3 + 6*t**2 + 8*t + 8. What is p(n)?
15
Suppose 3 + 1 = -2*k, -4 = -2*l + 4*k. Let s(h) be the third derivative of -h**5/15 - h**4/8 - h**3/6 - 17*h**2. Give s(l).
-11
Suppose t - 7 = 4*m + 14, 5*m + 5*t = -20. Let u(g) = g + 3. Determine u(m).
-2
Let w(b) = -b + 11. Let y be w(14). Let u(d) be the first derivative of -d**4/4 - 2*d**3/3 + 5*d**2/2 + 4*d + 1. Give u(y).
-2
Let g be (-32)/(-6)*((-12)/8 - 0). Let v(s) = -s**2 - 11*s - 6. What is v(g)?
18
Let c(r) be the third derivative of -r**4/24 + r**3/6 - 8*r**2. What is c(-7)?
8
Let i be (-1)/(-3) + 14/21. Let z(l) = -6*l**3 + 2*l**2 - 2*l + 1. Calculate z(i).
-5
Let q(h) = -1 + 0*h - h**2 + 3 + 5*h + 0. What is q(4)?
6
Let w(k) = 62 - 28 + 0*k - 29 + 2*k. What is w(6)?
17
Suppose -1 = 2*v - 19. Let l(o) = o**3 - 8*o**2 - 9*o - 3. Calculate l(v).
-3
Let g(p) = 20*p - 19. Let t(n) = 7*n - 7. Let y(w) = -6*g(w) + 17*t(w). Give y(0).
-5
Let h(f) = f**2 + 2*f + 3. Let d = -26 + 37. Suppose -3*m + 2 = -2*m + 4*v, 2*m = -3*v + 4. Suppose -m*l - d = q + 4*q, q = 3*l - 9. Give h(q).
6
Let c = 11 + -8. Let n(q) = -5*q**2 + 0 - 4*q**3 + 5*q**c + 2*q - 1. Calculate n(5).
9
Let m(s) = -2*s**2 + s. Let p be m(-1). Let o(q) = q + q - 2 + 1 + 4. What is o(p)?
-3
Let r be 25/5 - (0 + 1). Suppose 3*c = 4*c - r. Let j(w) = -2*w + 5. Give j(c).
-3
Let g(y) = 2*y**2 + 2*y - 2. Let d be g(1). Let a be d/(-2*(-4)/12). Let p(f) = 2*f**2 - f - 2. Give p(a).
13
Let k(q) = -5*q**3 - 11*q - 2. Let b(o) = -o**3 - o**2 - o. Let i(p) = 6*b(p) - k(p). What is i(-6)?
-28
Let w(s) = -5*s + 1. Suppose -3*l + 4*m + 23 = 0, -l - 5*m - 13 = 11. Calculate w(l).
-4
Let n(c) be the second derivative of c**5/20 - 3*c**4/4 + 3*c**3/2 - c**2/2 + c. What is n(8)?
7
Let j be 6 + 5*2/5. Let y(g) = -1 + j + 6*g - g**3 + 0*g - 6 - 5*g**2. Give y(-6).
1
Let l be 1 + (0 - -1)*2. Suppose 6 = -l*a + 6*a. Let s(c) = -2 + c**3 + 1 + 0 + 3*c - 2*c**2. Determine s(a).
5
Suppose -10 = 5*z - 10*z. Let j(m) = -1 + m**3 - z + 6. Calculate j(0).
3
Let s(l) = l**2 + 2*l + 2. Let f be s(-2). Let b(o) = -1 + 0*o - o**f + 7*o - 3*o + 2. Calculate b(3).
4
Let k(q) = -2*q**3 + q**2 - 4*q - 3. Let g(r) = -r**3 + r**2 - r. Let j(f) = 3*g(f) - k(f). Let a = 2 + 1. Let n be a + 1 - 3 - -2. What is j(n)?
-3
Let j be (0 + (-1)/(-1))*11. Let h = -6 + j. Suppose 0*f = -h*f + r + 17, 5*r = 4*f - 1. Let y(b) = -b**2 + 2*b + 1. Determine y(f).
-7
Let z(d) = 2*d + 9. Let n(f) = -f - 10. Let p(m) = m**2 - 2*m. Let b be p(3). Let h(r) = b*n(r) + 2*z(r). Suppose c = 0, -15 = -4*v - c + 5. What is h(v)?
-7
Suppose u + 6 = 2*h + 2*u, 4*h - u = 12. Suppose -4*y = 5*c + h, 2*c - y - 7 = -3*c. Let o(q) = -2*q + 2 - c + 0*q. What is o(-4)?
9
Let z(r) = 7*r + 18*r**2 - 19*r**2 - 4 + 2. Let s be (-4)/(4/(-3)) + 1. What is z(s)?
10
Let o(n) be the second derivative of n**5/20 - n**4/3 + 2*n**3/3 - 3*n**2/2 + 3*n. Let h(u) = -u**2 - 6*u + 3. Let k be h(-6). What is o(k)?
0
Let z(j) = 5*j**3 - 6*j**3 + 3 + 2*j**3 - 2*j + 2*j**2. Suppose -4*c = 5*q - 4*q - 39, -3*c - 2*q = -23. Let i = 8 - c. Give z(i).
0
Let m(f) be the first derivative of -f**2/2 + 6*f - 3. Let a(x) = x + 2. Let v be a(-2). What is m(v)?
6
Let z(u) = -u**3 - 2*u**2 - u. Let r(c) be the first derivative of -c**4/4 + 17*c**3/3 - 15*c**2/2 - 18*c + 11. Let s be r(16). Calculate z(s).
2
Let s(a) = 5*a**3 + 2*a**2 + 4. Let c(f) = 9*f**3 + 4*f**2 + 8. Let i(q) = -6*c(q) + 11*s(q). Determine i(3).
5
Suppose -5*q - 2*o = -24 - 9, 0 = 5*q - 3*o - 13. Let u(r) = -r**2 + 3*r - 6. Determine u(q).
-16
Let n(q) = 3*q**2 - 4*q + 3. Let o(k) be the second derivative of k**3/3 - 4*k. Let x(f) = f**2 - 6*f + 1. Let y be x(6). Let z be o(y). Give n(z).
7
Let o(u) = -u**2 - 8*u - 2. Let v = -66 - -60. What is o(v)?
10
Let d be (-6)/2 - 20/(-5). Let b(n) = -6*n + n - d + n + 3*n. Give b(-1).
0
Let q(k) = k - 4. Let s be q(4). Suppose 2*i = -s + 2. Let z(y) be the second derivative of -2*y**3/3 - 50*y. Give z(i).
-4
Let n be (-4 + 1)*3/(-9). Let f(r) be the second derivative of r**3/2 - r**2/2 + 9*r. Calculate f(n).
2
Let p(n) = 6*n**2 - 11. Let a(q) = -7*q**2 + q + 12. Let w(o) = 5*a(o) + 6*p(o). Determine w(-5).
-6
Let f(b) be the third derivative of b**3/6 + 2*b**2. Let l(t) = t + 1. Let c(k) = 4*f(k) - 3*l(k). Suppose -5*y = -5 - 0. What is c(y)?
-2
Let c(h) = -2*h**3 - 3*h**2 - h - 1. Suppose 2 = 3*z - 4*z. Determine c(z).
5
Let w(g) = 3*g**2 - 4*g - 3. Let x(l) = -6*l**2 + 9*l + 7. Let k(y) = 7*w(y) + 3*x(y). Let q be 12/9*(-9)/6. Let z = q - -3. What is k(z)?
2
Suppose 3*l + c - 1 = l, 5*l = 3*c + 19. Let u = l - 4. Let q(a) = a**3 + 3*a**2 - 4*a - 3. Determine q(u).
9
Let d = -8 - -11. Suppose -5*n + d = -7. Let j = -5 + n. Let a(y) = y**3 + 3*y**2 - y - 3. What is a(j)?
0
Let i = 16 - 10. Let q(y) = 11*y**2 + 4*y - 2. Let t(o) = 5*o**2 + o - 1. Let b(z) = 4*q(z) - 9*t(z). Calculate b(i).
7
Let g(d) = -d**2 - 3*d - 1. Suppose -a + 0*a - 4 = 0. Calculate g(a).
-5
Let f = -15 - -19. Let v(j) = j - 5. Give v(f).
-1
Let r(a) = a**3 - 5*a**2 + 4*a - 3. Let z = -14 - -19. Give r(z).
17
Let r(i) be the third derivative of -i**5/60 + i**4/6 - 7*i**3/6 + i**2. Let x(n) = n**3 + 8*n**2 + 6*n - 2. Let g be x(-7). Determine r(g).
-12
Let f(i) = -2*i**2 + 2. Let p(n) = -n**2 + 1. Let m(s) = -s**3 - 3*s**2 - s. Let r be m(-1). Let a(q) = r*f(q) + 3*p(q). Calculate a(-4).
-15
Let l(h) = h**2 + 6*h + 5. Let o be l(-5). Let i(s) = -s - 12. Calculate i(o).
-12
Let g = 2 + 2. Let h(i) be the third derivative of 1/24*i**4 + 8*i**2 + 0 - 1/6*i**3 + 0*i. What is h(g)?
3
Let y(h) = -h**3 - 5*h**2 + 7*h + 9. Let z be (-4)/12 - 85/15. Calculate y(z).
3
Let y(g) = 5*g**3 - 9*g**2 - 7*g - 9. Let i(x) = -11*x**3 + 19*x**2 + 15*x + 19. Let k(z) = -6*i(z) - 13*y(z). Give k(-3).
0
Let u(z) = -z**3 - 8*z**2 - 6*z - 10. Suppose 0 = -2*j - 10, -s - 4 = j + 8. Give u(s).
-17
Let x(t) = -2*t**2 + 2*t + 2. Suppose 154*b = 152*b + 4. What is x(b)?
-2
Suppose 16 = -9*m - 38. Let b(d) = -d**3 - 7*d**2 - 6*d + 7. Give b(m).
7
Let r(a) = -3*a**3 - 2*a + a**3 - 1 + 0*a**3 + a**3. Let q(u) = -u**2 - 8*u - 8. Let b be q(-7). What is r(b)?
2
Let g(a) be